n base 7, what is -1 - -25065?
25064
In base 10, what is 1 + -91?
-90
In base 3, what is 21110021 + 2?
21110100
In base 8, what is -15 + -1076?
-1113
In base 5, what is 421 - 113?
303
In base 14, what is -840 + 1?
-83d
In base 15, what is b - -251?
25c
In base 11, what is -6 - -30?
25
In base 13, what is -588 + 4?
-584
In base 4, what is 1330 + 113?
2103
In base 13, what is -1 + -312?
-313
In base 14, what is 3 + -24?
-21
In base 4, what is -3 + 302?
233
In base 10, what is -137 + 4?
-133
In base 6, what is -1002 + -4?
-1010
In base 16, what is e + 3?
11
In base 16, what is -f - 79?
-88
In base 5, what is -10043 - 23?
-10121
In base 7, what is 16 - 21?
-2
In base 8, what is -1 - -26?
25
In base 2, what is -100010001110011 - 10?
-100010001110101
In base 12, what is -a6 + -25?
-10b
In base 11, what is 1998 + -3?
1995
In base 3, what is 101120 + 11?
101201
In base 15, what is 5 + 4?
9
In base 12, what is -279 - 4?
-281
In base 7, what is 1 - -4022?
4023
In base 16, what is -10a + 9?
-101
In base 10, what is -3580 + 4?
-3576
In base 16, what is -7 - 4ae?
-4b5
In base 7, what is -3 + -10503?
-10506
In base 12, what is 4 + 77?
7b
In base 11, what is -4 - -1673?
166a
In base 4, what is 10 + 1001?
1011
In base 6, what is -10530 + 14?
-10512
In base 8, what is -71 - -11?
-60
In base 14, what is 0 - -581?
581
In base 14, what is 48 - 11?
37
In base 15, what is 3c + -1?
3b
In base 14, what is 4 - 8d?
-89
In base 4, what is -23031 + 3?
-23022
In base 12, what is 579 + 9?
586
In base 2, what is -11001100 + 11000?
-10110100
In base 16, what is be + 3?
c1
In base 4, what is -11 + 1110?
1033
In base 13, what is 7 + -24b?
-244
In base 6, what is -32 + 22?
-10
In base 8, what is 3 - -713?
716
In base 6, what is 3202 + 3?
3205
In base 14, what is -2 + -5d3?
-5d5
In base 9, what is -10 - 17?
-27
In base 10, what is 10815 + 3?
10818
In base 8, what is -1 - -115?
114
In base 10, what is -4 + 3382?
3378
In base 8, what is 0 - 104?
-104
In base 10, what is -36 - -1?
-35
In base 10, what is 3 + -48?
-45
In base 12, what is 42 + -6?
38
In base 9, what is -1 + -113?
-114
In base 7, what is 405 + -4?
401
In base 2, what is -101 + -100?
-1001
In base 11, what is 0 - 267?
-267
In base 2, what is 10 + 100?
110
In base 11, what is -110 + a?
-101
In base 11, what is 75 - -a?
84
In base 9, what is 28 - -10?
38
In base 16, what is -385 - 16?
-39b
In base 8, what is 5 - 543?
-536
In base 11, what is 2 + -122a?
-1228
In base 13, what is -19 - -154?
138
In base 16, what is -2 + -5cf?
-5d1
In base 4, what is -12 + -122?
-200
In base 11, what is 1246 - 2?
1244
In base 8, what is -1717 - -10?
-1707
In base 9, what is 4 - -16?
21
In base 2, what is -100010100 + -100?
-100011000
In base 6, what is 4 + 12?
20
In base 11, what is -648 + 13?
-635
In base 11, what is 163 + -1?
162
In base 2, what is 10110101 + -100100?
10010001
In base 3, what is 11 - 21020?
-21002
In base 8, what is 721 - 7?
712
In base 3, what is -102120021 + 12?
-102120002
In base 15, what is 3677 + -5?
3672
In base 13, what is -5 + 40a?
405
In base 7, what is -4 - -30?
23
In base 4, what is -1 - 11?
-12
In base 3, what is 1 + 10202122?
10202200
In base 13, what is -274 + -4?
-278
In base 12, what is 1a92 + -1?
1a91
In base 7, what is 3 - -31?
34
In base 13, what is 3 - 52b?
-528
In base 14, what is 5 - 2c?
-27
In base 13, what is 5 - 38?
-33
In base 12, what is -27 + 4?
-23
In base 12, what is 246 + -6?
240
In base 13, what is 1a5a + -4?
1a56
In base 9, what is -11 + -1001?
-1012
In base 9, what is 20 - -17?
37
In base 12, what is 2 + -4183?
-4181
In base 2, what is -11101100 + 1?
-11101011
In base 15, what is -a - -4?
-6
In base 15, what is 9c - 8?
94
In base 4, what is 11 + -3030?
-3013
In base 16, what is 2b9 + 5?
2be
In base 9, what is -11 - -32?
21
In base 8, what is -54 + -2?
-56
In base 5, what is -31412 + -1?
-31413
In base 4, what is -2 + 2?
0
In base 7, what is -10 + -22?
-32
In base 14, what is -da0 - 2?
-da2
In base 12, what is -95 - 5?
-9a
In base 10, what is 6676 - -1?
6677
In base 7, what is 1 + -50?
-46
In base 13, what is 20159 + 0?
20159
In base 10, what is 3 + -30?
-27
In base 8, what is -2314 - 2?
-2316
In base 14, what is 84 + -6?
7c
In base 14, what is 33 + -13?
20
In base 16, what is 4 - -22?
26
In base 16, what is -12 + 353?
341
In base 4, what is -1300 - 130?
-2030
In base 3, what is 10001110 - -20?
10001200
In base 16, what is -2c4f - 5?
-2c54
In base 8, what is 1314 + -5?
1307
In base 12, what is 36 + 0?
36
In base 3, what is -2110002 + 2?
-2110000
In base 12, what is 28 + -7?
21
In base 15, what is 6 - 35?
-2e
In base 9, what is -8 + -3?
-12
In base 11, what is 56 + 1?
57
In base 15, what is 3 + -b1?
-ad
In base 3, what is -112 + 0?
-112
In base 9, what is 3 - -562?
565
In base 9, what is 1 - 180?
-178
In base 4, what is 1010301 + -1?
1010300
In base 3, what is 101010 - -1122?
102202
In base 8, what is 15 + -14?
1
In base 6, what is 105 - -1?
110
In base 5, what is 4 - -112?
121
In base 16, what is 5 - -364?
369
In base 10, what is -2346 + -1?
-2347
In base 13, what is 3 - 56?
-53
In base 10, what is -184 - 21?
-205
In base 2, what is -1 - 1000010?
-1000011
In base 15, what is -43 + -3?
-46
In base 9, what is 4 - -271?
275
In base 4, what is 10 + -103?
-33
In base 8, what is 4735 + 4?
4741
In base 16, what is -4b + -1?
-4c
In base 2, what is 10010 - -1?
10011
In base 10, what is 0 + 23?
23
In base 3, what is 2020100 + -11?
2020012
In base 15, what is -6 + -a?
-11
In base 7, what is -10646 - -3?
-10643
In base 6, what is -4 + -43?
-51
In base 3, what is -201 - -12202?
12001
In base 16, what is -e + -f?
-1d
In base 16, what is 0 - 17?
-17
In base 5, what is 1042 + 3?
1100
In base 11, what is 1aa + -1?
1a9
In base 4, what is -2120 + 3?
-2111
In base 3, what is -12220 + -11?
-20001
In base 10, what is 27 + -4?
23
In base 13, what is -62 - 1c?
-81
In base 14, what is 188 - 1?
187
In base 15, what is -2 + 4?
2
In base 3, what is 1 + -1000021?
-1000020
In base 7, what is -25 - 1?
-26
In base 7, what is -22 + -23?
-45
In base 8, what is 2 + -170?
-166
In base 16, what is 62 - -5?
67
In base 5, what is 440 - 123?
312
In base 8, what is 74 + 41?
135
In base 5, what is 14 - -4323?
4342
In base 9, what is -2 - 113?
-115
In base 10, what is 108 - 1?
107
In base 3, what is 1 + -100?
-22
In base 7, what is -5 + -1665?
-2003
In base 4, what is -10 - -101002?
100332
In base 5, what is 430 - -1300?
2230
In base 16, what is -15 - -e?
-7
In base 5, what is 220 + 10?
230
In base 3, what is 2 - -22?
101
In base 12, what is -7 + -1?
-8
In base 7, what is 2 + -452?
-450
In base 4, what is -11 - -12233?
12222
In base 10, what is 5 - 3?
2
In base 14, what is -2 + -c?
-10
In base 6, what is -12 - 40?
-52
In base 12, what is 1 + 5ba?
5bb
In base 12, what is 86a + 2?
870
In base 6, what is -3 - -54?
51
In base 16, what is -1c + 25?
9
In base 16, what is f - -14?
23
In base 14, what is -10 + 8?
-6
In base 7, what is 16 - -204?
223
In base 3, what is -22 + -1?
-100
In base 10, what is -2 + 31?
29
In base 8, what is -4 - 6?
-12
In base 7, what is -116 + -20?
-136
In base 15, what is -2 + -21d?
-220
In base 5, what is -10 + 12210?
12200
In base 6, what is 15 - 21?
-2
In base 3, what is 21122 + -2?
21120
In base 15, what is 911 - 4?
90c
In base 16, what is -4f + 0?
-4f
In base 15, what is 2e - 4e?
-20
In base 13, what is 99 - -7?
a3
In base 3, what is 10 - -2?
12
In base 3, what is -110002 + 21?
-102211
In base 5, what is 2 - 21424?
-21422
In base 5, what is 1022 - -4?
1031
In base 5, what is -4 - 10412?
-10421
In base 9, what is 1 - 451?
-450
In base 16, what is 4 + -86?
-82
In base 6, what is 3404 - 3?
3401
In base 8, what is 237 + 3?
242
In base 6, what is 5 - -154?
203
In base 2, what is 100000 - -101?
100101
In base 15, what is -4 + -2a?
-2e
In base 11, what is 6 - 17?
-11
In base 5, what is -1404 + -24?
-1433
In base 6, what is 1143 + 3?
1150
In base 5, what is 20 - 13342?
-13322
In base 14, what is 9c8 + -5?
9c3
In base 15, what is -34 + 9?
-2a
In base 13, what is 6 - 17a?
-174
In base 5, what is -103 - -2103?
2000
In base 13, what is 0 - -329?
329
In base 10, what is 8 + 115?
123
In base 12, what is 1823 + -1?
1822
In base 4, what is -131 + 303?
112
In base 6, what is 4421 + -10?
4411
In base 16, what is -1 + 6?